{"id":35,"date":"2022-04-05T09:53:20","date_gmt":"2022-04-05T07:53:20","guid":{"rendered":"https:\/\/yogabullesbienetre.fr\/?page_id=35"},"modified":"2023-11-06T16:48:39","modified_gmt":"2023-11-06T15:48:39","slug":"mentions-legales","status":"publish","type":"page","link":"https:\/\/yogabullesbienetre.fr\/index.php\/mentions-legales\/","title":{"rendered":"Mentions l\u00e9gales"},"content":{"rendered":"","protected":false},"excerpt":{"rendered":"","protected":false},"author":1,"featured_media":0,"parent":0,"menu_order":0,"comment_status":"closed","ping_status":"closed","template":"","meta":{"_et_pb_use_builder":"on","_et_pb_old_content":"","_et_gb_content_width":"","inline_featured_image":false,"footnotes":""},"class_list":["post-35","page","type-page","status-publish","hentry"],"yoast_head":"<!-- This site is optimized with the Yoast SEO plugin v27.5 - https:\/\/yoast.com\/product\/yoast-seo-wordpress\/ -->\n<title>Mentions l\u00e9gales - Atelier Yoga et les Bulles de Bien-\u00eatre | Yoga | Soins \u00e9nerg\u00e9tiques | Massages bien-\u00eatre | Pl\u00e9met Loud\u00e9ac Josselin Merdrignac Pontivy<\/title>\n<meta name=\"description\" content=\"Stage atelier et cours de Yoga, Yoga pr\u00e9natal, postnatal, Soins \u00e9nerg\u00e9tiques, Reiki, Massage bien-\u00eatre, Massage ayurv\u00e9dique, Th\u00e9rapeute \u00e9motionnel, Energ\u00e9ticienne| Pl\u00e9met, Loud\u00e9ac Merdrignac, Josselin et Pontivy %\" \/>\n<meta name=\"robots\" content=\"index, follow, max-snippet:-1, max-image-preview:large, max-video-preview:-1\" \/>\n<link rel=\"canonical\" href=\"https:\/\/yogabullesbienetre.fr\/index.php\/mentions-legales\/\" \/>\n<meta property=\"og:locale\" content=\"fr_FR\" \/>\n<meta property=\"og:type\" content=\"article\" \/>\n<meta property=\"og:title\" content=\"%L&#039;union Lumineuse\" \/>\n<meta property=\"og:description\" content=\"Stage atelier et cours de Yoga, Yoga pr\u00e9natal, postnatal, Soins \u00e9nerg\u00e9tiques, Reiki, Massage bien-\u00eatre, Massage ayurv\u00e9dique, Th\u00e9rapeute \u00e9motionnel, Energ\u00e9ticienne| Pl\u00e9met, Loud\u00e9ac Merdrignac, Josselin et Pontivy %\" \/>\n<meta property=\"og:url\" content=\"https:\/\/yogabullesbienetre.fr\/index.php\/mentions-legales\/\" \/>\n<meta property=\"og:site_name\" content=\"Atelier Yoga et les Bulles de Bien-\u00eatre | Yoga | Soins \u00e9nerg\u00e9tiques | Massages bien-\u00eatre | Pl\u00e9met Loud\u00e9ac Josselin Merdrignac Pontivy\" \/>\n<meta property=\"article:modified_time\" content=\"2023-11-06T15:48:39+00:00\" \/>\n<meta name=\"twitter:card\" content=\"summary_large_image\" \/>\n<script type=\"application\/ld+json\" class=\"yoast-schema-graph\">{\"@context\":\"https:\\\/\\\/schema.org\",\"@graph\":[{\"@type\":\"WebPage\",\"@id\":\"https:\\\/\\\/yogabullesbienetre.fr\\\/index.php\\\/mentions-legales\\\/\",\"url\":\"https:\\\/\\\/yogabullesbienetre.fr\\\/index.php\\\/mentions-legales\\\/\",\"name\":\"Mentions l\u00e9gales - Atelier Yoga et les Bulles de Bien-\u00eatre | Yoga | Soins \u00e9nerg\u00e9tiques | Massages bien-\u00eatre | Pl\u00e9met Loud\u00e9ac Josselin Merdrignac Pontivy\",\"isPartOf\":{\"@id\":\"https:\\\/\\\/yogabullesbienetre.fr\\\/#website\"},\"datePublished\":\"2022-04-05T07:53:20+00:00\",\"dateModified\":\"2023-11-06T15:48:39+00:00\",\"description\":\"Stage atelier et cours de Yoga, Yoga pr\u00e9natal, postnatal, Soins \u00e9nerg\u00e9tiques, Reiki, Massage bien-\u00eatre, Massage ayurv\u00e9dique, Th\u00e9rapeute \u00e9motionnel, Energ\u00e9ticienne| Pl\u00e9met, Loud\u00e9ac Merdrignac, Josselin et Pontivy %\",\"breadcrumb\":{\"@id\":\"https:\\\/\\\/yogabullesbienetre.fr\\\/index.php\\\/mentions-legales\\\/#breadcrumb\"},\"inLanguage\":\"fr-FR\",\"potentialAction\":[{\"@type\":\"ReadAction\",\"target\":[\"https:\\\/\\\/yogabullesbienetre.fr\\\/index.php\\\/mentions-legales\\\/\"]}]},{\"@type\":\"BreadcrumbList\",\"@id\":\"https:\\\/\\\/yogabullesbienetre.fr\\\/index.php\\\/mentions-legales\\\/#breadcrumb\",\"itemListElement\":[{\"@type\":\"ListItem\",\"position\":1,\"name\":\"Accueil\",\"item\":\"https:\\\/\\\/yogabullesbienetre.fr\\\/\"},{\"@type\":\"ListItem\",\"position\":2,\"name\":\"Mentions l\u00e9gales\"}]},{\"@type\":\"WebSite\",\"@id\":\"https:\\\/\\\/yogabullesbienetre.fr\\\/#website\",\"url\":\"https:\\\/\\\/yogabullesbienetre.fr\\\/\",\"name\":\"Atelier Yoga et les Bulles de Bien-\u00eatre | Yoga | Soins \u00e9nerg\u00e9tiques | Massages bien-\u00eatre | Pl\u00e9met Loud\u00e9ac Josselin Merdrignac Pontivy\",\"description\":\"L&#039;Atelier Yoga et Les bulles de Bien-\u00catre\",\"publisher\":{\"@id\":\"https:\\\/\\\/yogabullesbienetre.fr\\\/#organization\"},\"potentialAction\":[{\"@type\":\"SearchAction\",\"target\":{\"@type\":\"EntryPoint\",\"urlTemplate\":\"https:\\\/\\\/yogabullesbienetre.fr\\\/?s={search_term_string}\"},\"query-input\":{\"@type\":\"PropertyValueSpecification\",\"valueRequired\":true,\"valueName\":\"search_term_string\"}}],\"inLanguage\":\"fr-FR\"},{\"@type\":\"Organization\",\"@id\":\"https:\\\/\\\/yogabullesbienetre.fr\\\/#organization\",\"name\":\"L'atelier Yoga et Les Bulles de Bien-\u00catre\",\"url\":\"https:\\\/\\\/yogabullesbienetre.fr\\\/\",\"logo\":{\"@type\":\"ImageObject\",\"inLanguage\":\"fr-FR\",\"@id\":\"https:\\\/\\\/yogabullesbienetre.fr\\\/#\\\/schema\\\/logo\\\/image\\\/\",\"url\":\"https:\\\/\\\/yogabullesbienetre.fr\\\/wp-content\\\/uploads\\\/2022\\\/05\\\/logo.jpg\",\"contentUrl\":\"https:\\\/\\\/yogabullesbienetre.fr\\\/wp-content\\\/uploads\\\/2022\\\/05\\\/logo.jpg\",\"width\":1920,\"height\":682,\"caption\":\"L'atelier Yoga et Les Bulles de Bien-\u00catre\"},\"image\":{\"@id\":\"https:\\\/\\\/yogabullesbienetre.fr\\\/#\\\/schema\\\/logo\\\/image\\\/\"}}]}<\/script>\n<!-- \/ Yoast SEO plugin. -->","yoast_head_json":{"title":"Mentions l\u00e9gales - Atelier Yoga et les Bulles de Bien-\u00eatre | Yoga | Soins \u00e9nerg\u00e9tiques | Massages bien-\u00eatre | Pl\u00e9met Loud\u00e9ac Josselin Merdrignac Pontivy","description":"Stage atelier et cours de Yoga, Yoga pr\u00e9natal, postnatal, Soins \u00e9nerg\u00e9tiques, Reiki, Massage bien-\u00eatre, Massage ayurv\u00e9dique, Th\u00e9rapeute \u00e9motionnel, Energ\u00e9ticienne| Pl\u00e9met, Loud\u00e9ac Merdrignac, Josselin et Pontivy %","robots":{"index":"index","follow":"follow","max-snippet":"max-snippet:-1","max-image-preview":"max-image-preview:large","max-video-preview":"max-video-preview:-1"},"canonical":"https:\/\/yogabullesbienetre.fr\/index.php\/mentions-legales\/","og_locale":"fr_FR","og_type":"article","og_title":"%L'union Lumineuse","og_description":"Stage atelier et cours de Yoga, Yoga pr\u00e9natal, postnatal, Soins \u00e9nerg\u00e9tiques, Reiki, Massage bien-\u00eatre, Massage ayurv\u00e9dique, Th\u00e9rapeute \u00e9motionnel, Energ\u00e9ticienne| Pl\u00e9met, Loud\u00e9ac Merdrignac, Josselin et Pontivy %","og_url":"https:\/\/yogabullesbienetre.fr\/index.php\/mentions-legales\/","og_site_name":"Atelier Yoga et les Bulles de Bien-\u00eatre | Yoga | Soins \u00e9nerg\u00e9tiques | Massages bien-\u00eatre | Pl\u00e9met Loud\u00e9ac Josselin Merdrignac Pontivy","article_modified_time":"2023-11-06T15:48:39+00:00","twitter_card":"summary_large_image","schema":{"@context":"https:\/\/schema.org","@graph":[{"@type":"WebPage","@id":"https:\/\/yogabullesbienetre.fr\/index.php\/mentions-legales\/","url":"https:\/\/yogabullesbienetre.fr\/index.php\/mentions-legales\/","name":"Mentions l\u00e9gales - Atelier Yoga et les Bulles de Bien-\u00eatre | Yoga | Soins \u00e9nerg\u00e9tiques | Massages bien-\u00eatre | Pl\u00e9met Loud\u00e9ac Josselin Merdrignac Pontivy","isPartOf":{"@id":"https:\/\/yogabullesbienetre.fr\/#website"},"datePublished":"2022-04-05T07:53:20+00:00","dateModified":"2023-11-06T15:48:39+00:00","description":"Stage atelier et cours de Yoga, Yoga pr\u00e9natal, postnatal, Soins \u00e9nerg\u00e9tiques, Reiki, Massage bien-\u00eatre, Massage ayurv\u00e9dique, Th\u00e9rapeute \u00e9motionnel, Energ\u00e9ticienne| Pl\u00e9met, Loud\u00e9ac Merdrignac, Josselin et Pontivy %","breadcrumb":{"@id":"https:\/\/yogabullesbienetre.fr\/index.php\/mentions-legales\/#breadcrumb"},"inLanguage":"fr-FR","potentialAction":[{"@type":"ReadAction","target":["https:\/\/yogabullesbienetre.fr\/index.php\/mentions-legales\/"]}]},{"@type":"BreadcrumbList","@id":"https:\/\/yogabullesbienetre.fr\/index.php\/mentions-legales\/#breadcrumb","itemListElement":[{"@type":"ListItem","position":1,"name":"Accueil","item":"https:\/\/yogabullesbienetre.fr\/"},{"@type":"ListItem","position":2,"name":"Mentions l\u00e9gales"}]},{"@type":"WebSite","@id":"https:\/\/yogabullesbienetre.fr\/#website","url":"https:\/\/yogabullesbienetre.fr\/","name":"Atelier Yoga et les Bulles de Bien-\u00eatre | Yoga | Soins \u00e9nerg\u00e9tiques | Massages bien-\u00eatre | Pl\u00e9met Loud\u00e9ac Josselin Merdrignac Pontivy","description":"L&#039;Atelier Yoga et Les bulles de Bien-\u00catre","publisher":{"@id":"https:\/\/yogabullesbienetre.fr\/#organization"},"potentialAction":[{"@type":"SearchAction","target":{"@type":"EntryPoint","urlTemplate":"https:\/\/yogabullesbienetre.fr\/?s={search_term_string}"},"query-input":{"@type":"PropertyValueSpecification","valueRequired":true,"valueName":"search_term_string"}}],"inLanguage":"fr-FR"},{"@type":"Organization","@id":"https:\/\/yogabullesbienetre.fr\/#organization","name":"L'atelier Yoga et Les Bulles de Bien-\u00catre","url":"https:\/\/yogabullesbienetre.fr\/","logo":{"@type":"ImageObject","inLanguage":"fr-FR","@id":"https:\/\/yogabullesbienetre.fr\/#\/schema\/logo\/image\/","url":"https:\/\/yogabullesbienetre.fr\/wp-content\/uploads\/2022\/05\/logo.jpg","contentUrl":"https:\/\/yogabullesbienetre.fr\/wp-content\/uploads\/2022\/05\/logo.jpg","width":1920,"height":682,"caption":"L'atelier Yoga et Les Bulles de Bien-\u00catre"},"image":{"@id":"https:\/\/yogabullesbienetre.fr\/#\/schema\/logo\/image\/"}}]}},"_links":{"self":[{"href":"https:\/\/yogabullesbienetre.fr\/index.php\/wp-json\/wp\/v2\/pages\/35","targetHints":{"allow":["GET"]}}],"collection":[{"href":"https:\/\/yogabullesbienetre.fr\/index.php\/wp-json\/wp\/v2\/pages"}],"about":[{"href":"https:\/\/yogabullesbienetre.fr\/index.php\/wp-json\/wp\/v2\/types\/page"}],"author":[{"embeddable":true,"href":"https:\/\/yogabullesbienetre.fr\/index.php\/wp-json\/wp\/v2\/users\/1"}],"replies":[{"embeddable":true,"href":"https:\/\/yogabullesbienetre.fr\/index.php\/wp-json\/wp\/v2\/comments?post=35"}],"version-history":[{"count":1,"href":"https:\/\/yogabullesbienetre.fr\/index.php\/wp-json\/wp\/v2\/pages\/35\/revisions"}],"predecessor-version":[{"id":36,"href":"https:\/\/yogabullesbienetre.fr\/index.php\/wp-json\/wp\/v2\/pages\/35\/revisions\/36"}],"wp:attachment":[{"href":"https:\/\/yogabullesbienetre.fr\/index.php\/wp-json\/wp\/v2\/media?parent=35"}],"curies":[{"name":"wp","href":"https:\/\/api.w.org\/{rel}","templated":true}]}}